e d = x - 62, 3*x + d = -d + a. Calculate the greatest common divisor of x and 16.
16
Let n = 25 - -195. Suppose -5*w - 20 = 0, n + 145 = -5*t - 5*w. Let y = 164 + t. Calculate the highest common divisor of y and 38.
19
Let w(m) be the second derivative of m**4/3 + m**3/6 + 4*m**2 - 7*m. Let a be w(-4). Calculate the greatest common factor of 170 and a.
34
Suppose -3*b = -3*x - 4*b + 1352, 2*b + 1355 = 3*x. Let h = x - 241. Calculate the greatest common divisor of 21 and h.
21
Suppose -6 - 2 = -4*y. Calculate the greatest common divisor of 8 and y.
2
Let b(s) = 2*s**2 + 22*s - 19. Suppose 48 = -19*f + 15*f. Let d be b(f). What is the greatest common factor of d and 20?
5
Let w(y) = -2*y**3 - 7*y**2 - 7*y. Let f be w(-5). Let i = 3403 + -3381. What is the highest common divisor of i and f?
22
Let m be ((-3)/(-1) - 3) + 7. Suppose 0 = -5*o + 13 + m. Calculate the greatest common divisor of 44 and o.
4
Let l(j) = -j + 14. Let r = -8 + 27. Let k = r + -7. Let u be l(k). What is the greatest common factor of u and 2?
2
Suppose f - 8 = -3*f + 4*p, 5*p - 35 = -4*f. Calculate the greatest common divisor of 3 and f.
1
Suppose -47 = -4*b + 37. Suppose b = 2*y + y. Let k(h) = h**2 + 6*h - 65. Let r be k(-12). Calculate the greatest common factor of y and r.
7
Let o = -31 + 22. Let n = 12 + o. Suppose -4*i + 3*t = -40 + 9, 5*i - 38 = n*t. Calculate the greatest common divisor of 28 and i.
7
Let d(p) = p**2 - 19*p + 101. Let f be d(9). Calculate the greatest common divisor of 671 and f.
11
Let j be ((-7)/(175/45))/(14/((-2800)/12)). Let o(m) = 3*m**2 - 2*m - 2. Let f be o(2). What is the greatest common factor of f and j?
6
Let g(h) = h**2 - 7*h + 12. Let m be g(6). Suppose 0 = -m*r - 30 + 108. What is the highest common divisor of 65 and r?
13
Let n be (4/6)/((-14)/63). Let r(c) = -3*c**3 + c**2 - 3*c. Let z be r(n). What is the highest common factor of z and 11?
11
Let y be (-93)/10*-6 + 4/(-5). Calculate the highest common divisor of y and 550.
55
Suppose 0 = 2*l + 3*f - 761, 3*f - 377 = -3*l + 769. Calculate the greatest common factor of 35 and l.
35
Let c = 33 - 20. Let f be c/4 + (-39)/(-52). Suppose -712 = -4*i + f*u, -3*i + 714 = i - 5*u. Calculate the highest common factor of i and 16.
16
Let f(j) = -3*j - 23. Let u be f(-9). Suppose 4*x + 5*r - r = 60, -18 = -x - 2*r. Calculate the highest common factor of u and x.
4
Let f = 6 - 1. Suppose 0 = d + 3*d - 4*i - 40, 4*d = f*i + 40. Suppose 0 = -2*q + 4, 5*h + q - d - 517 = 0. What is the greatest common factor of 15 and h?
15
Suppose -888 = 252*z - 260*z. What is the greatest common divisor of 37 and z?
37
Suppose -3*i - q = -7*i + 1048, 5*i + 2*q = 1297. Let w be 348/(-4)*1*1*11/(-33). What is the highest common factor of i and w?
29
Suppose 0 = -5*q - 7 + 337. Suppose -23*j + 103 = -35. Calculate the highest common divisor of q and j.
6
Suppose 28*n - 150 = 18. Calculate the greatest common divisor of 5 and n.
1
Let t be (-5)/(10/(-578)) - (-4)/(-1). What is the greatest common divisor of t and 45?
15
Let t(d) = -d + 34. Suppose 0 = 2*o - 12 - 16. Let a be t(o). Calculate the highest common factor of a and 180.
20
Suppose -140 = -2*d - 2*d. Suppose 4*a + 5*u + 92 = 17, a + d = 2*u. Let i be (-3)/15 - 3205/a. Calculate the highest common divisor of i and 16.
16
Let u(v) = 2*v**3 + v**2 + v + 2. Let y be u(2). Suppose -2*b - 2*r = -114, 3*r = 2*r - 3. What is the highest common factor of b and y?
12
Let c be (1 - -287)*(-2 - -3). Let r = 198 - c. Let h = r + 153. What is the greatest common divisor of h and 7?
7
Let w = 8 + -6. Let t = 63 - 61. Suppose 0 = t*g - 4*j - 28, 3*j - 28 = -2*g + 2*j. What is the greatest common divisor of w and g?
2
Let q be (3*2)/(-5 + (-136)/(-24)). Calculate the highest common divisor of q and 15.
3
Let f(k) = 49*k**2 - 5*k. Let c(p) = 48*p**2 - 4*p. Let q(o) = 5*c(o) - 4*f(o). Let r be q(1). Calculate the highest common factor of r and 22.
22
Let q(b) = 20*b + 30. Let c be q(0). Calculate the greatest common divisor of c and 825.
15
Suppose -2*u + 7 + 1 = 0, u = v - 8. Let l(q) = 12*q**2 + 5*q + 9. Let w be l(3). Calculate the highest common factor of v and w.
12
Suppose 250*v - 227*v = 368. What is the highest common divisor of v and 1072?
16
Let j(v) = 3*v**2 - 3*v + 3. Let m be j(3). Let x = 89 - 75. What is the greatest common factor of x and m?
7
Let n(w) = 2*w**3 - 4*w**2 + w - 3. Let x be n(3). Let q = x - -14. Calculate the greatest common divisor of 48 and q.
16
Let h = -18 - -26. Suppose u = -j - 2, 4*j - 6 = -j - u. Suppose -2*w = -h + j. What is the highest common divisor of w and 1?
1
Suppose 5*o = -2*m - 40, o + 25 = -3*m - 22. Let d = m + 33. Let g be ((-21)/(-14))/(3/((-1260)/(-7))). What is the greatest common factor of g and d?
18
Suppose -2*c - 4*k = -16, -2*c + 5*k - 22 + 2 = 0. Let v = c + -7. Let x = 14 + v. What is the greatest common divisor of x and 7?
7
Suppose 3*r = 799 - 226. Let g = -282 + r. Let u = 238 + g. Calculate the greatest common factor of u and 21.
21
Suppose 562 + 1230 = 14*o. What is the highest common factor of 96 and o?
32
Let t(m) = -m**3 + 9*m**2 + 1. Let z = 27 + -18. Let b be t(z). Calculate the highest common factor of 11 and b.
1
Let k = 0 + 3. Suppose -d - 2 = -k*d. Let b be d/3 + (-286)/(-33). What is the highest common factor of b and 72?
9
Suppose 58*k = 63*k + 375. Let w = k - -120. Calculate the highest common factor of w and 15.
15
Suppose 2*z = 4*k - 2*k - 72, -3*k = 5*z - 84. Let j(i) = -6 - i + 19 + i - i. Let w be j(-9). What is the greatest common factor of k and w?
11
Let o be (4/6)/(59801/4599 + -13). What is the highest common divisor of 146 and o?
73
Suppose 2*b + 2*p = -2*b + 32, -5*p - 19 = -b. Let g = 11 - 2. Let k(o) = 3*o - 9. Let x be k(g). What is the highest common factor of b and x?
9
Suppose 0 = 3*k - 12, 0 = -0*o + 4*o + 4*k - 16. Suppose 4*y = -2*t - 14 + 68, 3*t + 9 = o. Calculate the greatest common divisor of 5 and y.
5
Let s(b) = b**3 + 2*b**2 - 1. Suppose 4*l - 6 = -2. Let w be s(l). Let q be ((-24)/9 + 0)*30/(-8). What is the greatest common divisor of q and w?
2
Let m be (16/6 + -1)*102. What is the highest common factor of 30 and m?
10
Suppose 14*v - 896 - 154 = 0. Suppose -l + 21 = -29. What is the highest common factor of v and l?
25
Let z = 2 + -1. Suppose 0 = 3*s - 7 + z. Let d = 103462 - 103446. Calculate the greatest common divisor of d and s.
2
Suppose -3*n = 3*w - 36, -2*w = -3*n - w + 16. Let r(h) = h**3 + 8*h**2 + h - 4. Let j be r(-4). What is the greatest common factor of n and j?
7
Suppose -4*x = 3*s - 260 - 20, 3*s - 273 = 3*x. What is the greatest common divisor of s and 322?
46
Let q = -307 - -471. Let i = q + -100. Let g(r) = 18*r - 2. Let p be g(1). Calculate the greatest common divisor of p and i.
16
Suppose -4*h + 35 = 5*g, 5*h - 13 - 24 = -4*g. Let p = 0 - -2. Calculate the greatest common divisor of p and g.
1
Suppose -38 = -x - 0*x - 3*a, 0 = -3*x + 2*a + 103. What is the highest common divisor of 60 and x?
5
Suppose -4*q + 28 = 2*f, -3*q + 5*q + 5*f - 30 = 0. What is the highest common factor of q and 25?
5
Let k(q) = -q**2 + 18*q - 32. Let l be k(15). Calculate the greatest common factor of l and 533.
13
Let n(c) = 2 - 1 - c**2 + 4 - 18*c - 4. Let k be n(-17). Calculate the greatest common factor of 2 and k.
2
Let g(y) = -y**3 - y**2 + y - 2. Let f = -13 + 11. Let k be g(f). Suppose -x + 2*x - 36 = k. Calculate the highest common divisor of x and 54.
18
Let r be 171/38*28/63. What is the highest common divisor of 79 and r?
1
Suppose -2*d - 204 = 24. Let k be 39/2 + (d/(-12) - 9). Calculate the greatest common factor of k and 30.
10
Let p(c) = -c**2 + 7*c + 2. Let s be p(6). Suppose 0*h + 224 = 4*h. Calculate the highest common divisor of s and h.
8
Suppose 2*n - 2991 = -2*n + 3*c, -n + 753 = c. Calculate the highest common factor of 15 and n.
15
Let g be 33/5 - (-9)/(-15). Let d be -3 - (g + -3 - 6). Suppose d*b = b - 10. What is the highest common divisor of b and 20?
10
Suppose 0 = 3*f + w - 31 - 146, -2*f = w - 117. What is the greatest common divisor of f and 12?
12
Suppose -79*d = -90*d + 385. What is the greatest common divisor of d and 14?
7
Let o(d) = d**3 - 7*d**2 - d + 10. Let g be o(7). Suppose -67 = -5*m + g*q + q, m + 2*q - 19 = 0. What is th